 118 is divided by u/18 - -3 - 6/27.
25
Let m(k) = -k**3 - 2*k**2 - k. Let n be m(-2). Suppose 16*o = n*o + 98. Suppose -4*r + 70 = 3*p, 2*p - 3 = -o. Calculate the remainder when 37 is divided by r.
18
Let m = 17671 + -17648. What is the remainder when 7976 is divided by m?
18
Suppose 28 = 4*s, 4*m - s = -3 + 100. Let w = 360 - 181. Calculate the remainder when w is divided by m.
23
Let s = 7 - -13. Let o be 72/24 - 3*1. Suppose 0 = -o*q - 4*q + 44. Calculate the remainder when s is divided by q.
9
Let h(i) = 4*i - 119. Let u = -73 - -106. Suppose -2*n - 3*c = -72, 3*c = -4*n + 128 + 16. What is the remainder when n is divided by h(u)?
10
Calculate the remainder when (-80)/(-5) - 134425/(-25) is divided by 38.
35
Let h = -5855 + 6128. What is the remainder when 279 is divided by h?
6
Suppose 0 = 8*r - 58*r + 21100. What is the remainder when r is divided by 79?
27
Let a = 3420 + -673. What is the remainder when a is divided by 21?
17
Suppose -14289 = -66*o - 3465. Calculate the remainder when o is divided by 7.
3
Let y(u) = 2*u**2 - 6*u. Let p be 22 + (-7 - (-5 - -1)). Suppose c - p = 4*r - 2*r, -2*r + 47 = 5*c. What is the remainder when y(5) is divided by c?
9
Let u(v) = v**3 - v**2 - 25*v - 83. Let c be u(-3). What is the remainder when 34 is divided by 4/22 - 564/c?
8
Let i(t) = 86*t**2 + 52*t + 110. What is the remainder when i(-2) is divided by 38?
8
Let l(u) = -u**2 - 3*u + 7. Let s be l(-4). Let k = s + 108. What is the remainder when k is divided by 16?
15
Let m(l) = 4*l**2 + 43*l - 163. Calculate the remainder when 2300 is divided by m(4).
37
Let y(i) = -i**2 - 8*i + 17. Let t be y(-9). Suppose t*w - 330 + 98 = 0. Let h = w + -7. Calculate the remainder when 84 is divided by h.
18
Let m(w) be the third derivative of w**5/30 + 7*w**4/8 - 29*w**3/6 + 6*w**2 + 8. What is the remainder when 126 is divided by m(-13)?
18
Let x = -78975 - -78989. What is the remainder when 16*2/(1 - 0) is divided by x?
4
Let u(p) = -20*p**3 - 4*p**2 - 9*p - 5. What is the remainder when 190 is divided by u(-1)?
10
Suppose y = -4*n - 19, 5 = -5*n + 7*y - 2*y. What is the remainder when (46/6 - 7)/(n/(-2526)) is divided by 107?
100
Let j be (148 + 0/1)*3/6. Let m = 98 - j. Suppose m = 5*r - 111. What is the remainder when 51 is divided by r?
24
Let d = 1071 - 956. What is the remainder when 425 is divided by d?
80
Suppose 2*k - 5*k + 6 = 0. Suppose -d - y = -11, 2*d - k*y = 5 - 3. Suppose 8*i - 22 = d*i. What is the remainder when 54 is divided by i?
10
Let c(k) = -k**3 + 17*k**2 - 37*k + 55. Let b be c(17). Let i = b - -1365. Calculate the remainder when i is divided by 33.
32
Let n(f) = -f**2 - 81*f - 1634. What is the remainder when 2246 is divided by n(-40)?
2
Let i(g) = -g**3 + 3*g + 3. Suppose -22*f + 30*f - 1856 = 0. Suppose 53*k = 61*k - f. What is the remainder when i(-5) is divided by k?
26
Calculate the remainder when 294 is divided by 2 + ((420/18)/5)/(4/114).
24
Suppose -286 = 3*h - d, 0 = h + 5*d + 24 + 82. Let f = h + 133. Calculate the remainder when f is divided by 19.
18
Let p(r) be the third derivative of r**6/120 - 3*r**5/10 - 5*r**4/6 + 4*r**3 - r**2 + 45*r. Let b = -7 + 26. Calculate the remainder when 36 is divided by p(b).
1
Let j(z) = -z**3 - 11*z**2 - 22*z - 105. What is the remainder when 25 is divided by j(-10)?
10
Let q be (-3)/(-6)*-9*(-132)/(-9). Let p = q + 107. Let i = 23 + -1. What is the remainder when p is divided by i?
19
Suppose 3*o - 4*n - 72 = -0*n, -3*o - 2*n + 90 = 0. Suppose 5*b - 1072 = f - 111, 4*f + 4 = 0. Calculate the remainder when b is divided by o.
24
Suppose 250 = -3*l + 787. Suppose 2*r = m + 143, -3*m + 149 = 2*r - 6*m. Calculate the remainder when l is divided by (-14)/r - (-181)/5.
35
Let n(x) = -x**2 - 133*x - 459. What is the remainder when n(-4) is divided by 10?
7
What is the remainder when ((-861)/(-14) - 9)/(3/14) is divided by 29?
13
Let j = 101 - -4. Let f = 109 - j. Suppose 0 = 4*d + 11*r - 8*r - 119, f*r = 3*d - 83. Calculate the remainder when d is divided by 17.
12
Let u be 4/48*6*34. Suppose -u*c + 24*c = 98. Calculate the remainder when c is divided by 5.
4
Let v = -327 - -333. Suppose -v*m - 838 = -886. Calculate the remainder when 19 is divided by m.
3
Let i = -3133 - -3184. What is the remainder when 229 is divided by i?
25
Suppose 0 = 4*t - 289 + 65. Suppose -149 = 112*g - 3362 + 301. Calculate the remainder when t is divided by g.
4
Let o(l) = 292*l - 5704. Calculate the remainder when o(20) is divided by (0 + 23)*1 + 2.
11
Let k(q) = -16*q - 51. Let p be k(-9). Calculate the remainder when 208 is divided by p/9 + (-2)/(-3 - -9).
8
Suppose 3*l = 0, -30*n + 33*n - 15 = -5*l. Suppose n*h + 17 = -m, -5*m + m + 5*h + 32 = 0. Calculate the remainder when 106 is divided by m.
1
What is the remainder when 10 is divided by (8 + -12)*10/(-5)?
2
Let y = 4396 - 4332. Calculate the remainder when y is divided by 660/50*(-10)/(-4).
31
Suppose 4404 = 4*u - 10*u. Let o = -719 - u. What is the remainder when 74 is divided by o?
14
Let o(h) = h + h + 14 - h + 0*h. What is the remainder when o(43) is divided by 27?
3
Let c(p) = -p**3 - 15*p**2 + 13*p + 57. Let q be c(-16). What is the remainder when 33 is divided by (-12)/16 - q/(-12)?
1
Let w be 1439/4 - 2*3/(-24). Suppose 0 = 5*g - g - w. Suppose 19*y - g = 14*y. Calculate the remainder when y is divided by 7.
4
Suppose -14 = -2*z + 6. Let y(u) = -z - 18 + 22*u + 2 - 9*u. What is the remainder when 50 is divided by y(4)?
24
Suppose 0 = -4*y - 47*x + 43*x + 288, 4*x = 5*y - 333. Calculate the remainder when 1557 is divided by y.
39
Let x(f) = -3*f**2 + 20*f - 57. Let c(u) = -2*u**2 + 11*u - 28. Let q(n) = 5*c(n) - 3*x(n). Calculate the remainder when 73 is divided by q(3).
3
Calculate the remainder when 177 is divided by (-9 - -7)/(-1) + 2*5.
9
Suppose -4*o = -126 + 22. Let m = 410 - 192. Suppose -2*a = 16 - m. What is the remainder when a is divided by o?
23
Let s be 4 + 2 + -2 - 0/6. Suppose -3*g + 261 = -3*l, -3*l + 137 - 481 = -s*g. Calculate the remainder when g is divided by 13.
5
Suppose 2*f = -3*u + 4024, -3*f = -5*u + 5*f + 6684. What is the remainder when u is divided by 333?
8
Suppose -15*g + 949 = -11*g - 3*j, 0 = 3*g - 3*j - 711. What is the remainder when g is divided by 104?
30
Suppose 15*r = -4*h + 27051, r + 143*h - 138*h = 1846. What is the remainder when r is divided by 39?
7
Suppose 3*v - 7 = r, 22 = 3*v + 16*r - 14*r. Suppose -5*y = j - 2454, -116 + 2072 = v*y - j. Calculate the remainder when y is divided by 17.
14
Let i(b) = 4*b**2 + 6*b - 4. Let l(n) = 3*n**2 - 31*n + 24. Let r be l(13). Suppose 32*t - 36*t = -r. Calculate the remainder when i(5) is divided by t.
30
Suppose 1700*s - 630 = 1686*s. Calculate the remainder when 131 is divided by s.
41
Suppose 0 + 10 = 2*q. Suppose 58*c - 308 = 51*c. What is the remainder when c is divided by q?
4
Let j(b) = 5*b**2 + 333*b + 253. Calculate the remainder when 384 is divided by j(-66).
54
Let q(a) = -132*a + 493. Calculate the remainder when 731 is divided by q(1).
9
Let y = 475 - 452. What is the remainder when 371 is divided by y?
3
Suppose 157*s - 23*s + 201*s - 39530 = 0. What is the remainder when 10499 is divided by s?
115
Let k = 82 + -272. Let y be (-32)/(-40)*k/(-4). What is the remainder when 21 is divided by 3*(y/12*2 + -2)?
8
Suppose -2697 = 37*j - 10689. What is the remainder when j is divided by 31?
30
Suppose -3*h - 816 = -4*c, 13*c - 3*h + 612 = 16*c. What is the remainder when c is divided by 26?
22
Let w = 7013 + -6941. What is the remainder when 1652 is divided by w?
68
Suppose -5*k + 786 = -3*h, -8*k = -3*k - 4*h - 783. Calculate the remainder when 411 is divided by k.
93
Suppose -4728 = -34*k - 1192. What is the remainder when 820 is divided by k?
92
Let b(m) be the first derivative of 9*m**2 + 117*m - 64. What is the remainder when b(0) is divided by 11?
7
Suppose -710*m + 3*y + 2613 = -709*m, 2*m - 5228 = 4*y. Calculate the remainder when m is divided by 11.
9
Let n = -15 - -20. Let h be 1788/(-10) + 5 + (-21)/n. Let b = -142 - h. What is the remainder when b is divided by 13?
10
Calculate the remainder when (-2359104)/(-1117) + (-7 - (0 + 0)) is divided by 50.
5
Suppose 2*o - i = 211, -12*i - 538 = -5*o - 13*i. Calculate the remainder when 3418 is divided